41132
In base 15, what is 272388b - 7?
2723884
In base 10, what is 192 + 23870?
24062
In base 13, what is 0 - -796b3a2?
796b3a2
In base 8, what is 32222530 - -53?
32222603
In base 6, what is -2 + -422152412?
-422152414
In base 16, what is 5 - -2f363ba?
2f363bf
In base 10, what is 752912 + 0?
752912
In base 10, what is -26 + 1737434?
1737408
In base 2, what is -11101111110111 + 10101?
-11101111100010
In base 11, what is -66 - -925281?
925216
In base 3, what is -222110122221 + 20?
-222110122201
In base 13, what is -2411601 - -6?
-24115c8
In base 15, what is 5 + 182a622?
182a627
In base 13, what is 0 + 3a58136?
3a58136
In base 13, what is -175 - -1a01b?
19b76
In base 7, what is 146445141 + 25?
146445166
In base 10, what is 207 - -566576?
566783
In base 5, what is -323 + -100024?
-100402
In base 7, what is 121 + -1056053?
-1055632
In base 7, what is 246 + -133165?
-132616
In base 2, what is 1 - -10010111010110011110001000?
10010111010110011110001001
In base 11, what is 2 - -6217495?
6217497
In base 12, what is 33 + 1a75a9?
1a7620
In base 11, what is -2a2232 + -980?
-2a3102
In base 15, what is b088 - -e2?
b17a
In base 14, what is 3 + 1416357?
141635a
In base 6, what is 20253554 - 3203?
20250351
In base 16, what is -de56cc8 + 3?
-de56cc5
In base 6, what is 121012 + -2025?
114543
In base 5, what is -11 - 22143403041?
-22143403102
In base 8, what is -50600 - -266?
-50312
In base 15, what is -1d8 + 16d938?
16d750
In base 10, what is 98 + 1233483?
1233581
In base 7, what is 221 + -1405036?
-1404515
In base 16, what is 8 - -b7771?
b7779
In base 12, what is -2b87 - -12a3a?
ba73
In base 16, what is -a8c12a1 + 8?
-a8c1299
In base 12, what is 2 + 3755a9?
3755ab
In base 7, what is -2324262 + -435?
-2325030
In base 13, what is -16 + -6039c9?
-603a12
In base 3, what is -221210 + 1002012222?
1001021012
In base 3, what is 2221100110110211 + 1?
2221100110110212
In base 13, what is 24 + -62875?
-62851
In base 12, what is 1 + -19001585?
-19001584
In base 12, what is -69896 - -84?
-69812
In base 3, what is -120001022 + -202100?
-120210122
In base 4, what is 131320 - -31010?
222330
In base 16, what is 1 + 30a14f1?
30a14f2
In base 15, what is -7 - -46d8?
46d1
In base 14, what is 65928 - 3?
65925
In base 6, what is 34020415 + 13?
34020432
In base 8, what is 626351500 - 1?
626351477
In base 13, what is 4 + -1167a64?
-1167a60
In base 10, what is 0 - -7891352?
7891352
In base 10, what is 24 + 3392?
3416
In base 12, what is -b4b7429 + 4?
-b4b7425
In base 10, what is -4410 + -45152?
-49562
In base 10, what is -16 + -310?
-326
In base 14, what is -111 - -1606b?
15d5a
In base 3, what is -101022102 - 212012012?
-1020111121
In base 2, what is 1011101 - 11110011110110101?
-11110011101011000
In base 3, what is -2022010200 - 222002001?
-10021012201
In base 3, what is -2220 - 20012122022000?
-20012122101220
In base 3, what is -10110001 - 110211202202?
-110222012210
In base 16, what is -2 + -be6618?
-be661a
In base 5, what is -4424 + 4431324?
4421400
In base 7, what is -13203424 - 5?
-13203432
In base 15, what is -14832 + 3e2?
-14440
In base 3, what is 1220 - 20002222122?
-20002220202
In base 9, what is -14064 + 422?
-13542
In base 8, what is -271432366 + 11?
-271432355
In base 13, what is -8a7 - -8c2b7?
8b710
In base 7, what is 110625 + 0?
110625
In base 5, what is -12002 - 1132212?
-1144214
In base 12, what is 1 + -39773970?
-3977396b
In base 6, what is -3 + 11425114412?
11425114405
In base 2, what is 10011 + 1101100100010000110101?
1101100100010001001000
In base 9, what is -317 + 87666?
87348
In base 10, what is 1184 + -115787?
-114603
In base 9, what is -3515065 + 14?
-3515051
In base 6, what is 33303 + 2124501?
2202204
In base 13, what is -1817a7a0 + -5?
-1817a7a5
In base 13, what is 1b12 - -4ab06?
4c918
In base 9, what is -4 - -3120633?
3120628
In base 4, what is -1233100111211 + -1?
-1233100111212
In base 13, what is -609 + -1142?
-174b
In base 11, what is -59 - 223a50a?
-223a568
In base 16, what is 1914b71b - 4?
1914b717
In base 14, what is 1da8c - -115c?
20c0a
In base 16, what is 3f - -a00c1?
a0100
In base 10, what is 108504 - 61?
108443
In base 3, what is -10012210010 - 1200221?
-10021111001
In base 6, what is 113222 - 5551?
103231
In base 14, what is 43d74176 + 2?
43d74178
In base 6, what is -310 - -310443?
310133
In base 4, what is -2 + 3310212331021?
3310212331013
In base 4, what is -1220032200 - -1?
-1220032133
In base 10, what is 4 + 210290232?
210290236
In base 12, what is -803 - 8203?
-8a06
In base 6, what is -25515 - 120451?
-150410
In base 11, what is 321 + -67a2?
-6481
In base 4, what is 3 - -11012231202?
11012231211
In base 13, what is -15b11c9 - -3a?
-15b118c
In base 2, what is -11000011 + -10000000111101011?
-10000001010101110
In base 5, what is 1 + 21031142004?
21031142010
In base 12, what is -3180634 + 8?
-3180628
In base 3, what is 21 + 10012112101021?
10012112101112
In base 12, what is -538a48a - 0?
-538a48a
In base 10, what is 3 + -10613840?
-10613837
In base 16, what is 2 - 4e48ca?
-4e48c8
In base 2, what is 1100010011000 - 10010111011?
1001111011101
In base 9, what is -62 + 1604080?
1604017
In base 2, what is 110 + -101100101110001101101010?
-101100101110001101100100
In base 8, what is 2317 + 12300?
14617
In base 7, what is 440662204 - 20?
440662154
In base 13, what is 113 + 1ab2a?
1ac40
In base 8, what is -1 + -23144354?
-23144355
In base 6, what is 353125442 + 51?
353125533
In base 10, what is 6119860 + 13?
6119873
In base 2, what is 10001111 - 1011000110010011010?
-1011000110000001011
In base 15, what is -980 - 115c8?
-12058
In base 10, what is 5666307 - 2?
5666305
In base 15, what is -3 + c08428?
c08425
In base 13, what is 1c7 - 28a3?
-26a9
In base 5, what is -14 + 20043403210?
20043403141
In base 9, what is 14116 + -2018?
12087
In base 10, what is 10 - -1024513?
1024523
In base 9, what is -2722407 - 3?
-2722411
In base 14, what is -186 + -6387?
-652d
In base 7, what is 161054315 + 5?
161054323
In base 12, what is -7072 + -b31?
-7ba3
In base 15, what is -137 + 1610cb?
160e94
In base 2, what is -10010100101100001010 + -1001000100?
-10010100110101001110
In base 7, what is -5 - -430401665?
430401660
In base 3, what is -120021111002000 - -20?
-120021111001210
In base 13, what is 5 - a981c5a?
-a981c55
In base 4, what is -212132302 - 3233?
-212202201
In base 16, what is 0 + -a826a4?
-a826a4
In base 12, what is -232678 + 4?
-232674
In base 8, what is 47047 - 27631?
17216
In base 8, what is 1033707 + -15?
1033672
In base 7, what is -325031120 - -11?
-325031106
In base 11, what is -1 + -10807814?
-10807815
In base 12, what is 37992b7 + 5?
3799300
In base 11, what is -153405a7 + -2?
-153405a9
In base 6, what is 2 - -310522142?
310522144
In base 11, what is -5 - -97012a5?
97012a0
In base 9, what is 25838135 - -8?
25838144
In base 4, what is 322113113313 - -1?
322113113320
In base 13, what is 104a39 + -105?
104934
In base 9, what is 5128471 + -4?
5128466
In base 2, what is -11011 + -100101100101110110101?
-100101100101111010000
In base 16, what is -57e - 766?
-ce4
In base 13, what is 1 + 1530221?
1530222
In base 14, what is -401 - 6378?
-6779
In base 6, what is 45 - -422333?
422422
In base 11, what is 136 - -24a2a?
25065
In base 2, what is 10000011010010 + -1001000?
10000010001010
In base 4, what is 0 + -203211213?
-203211213
In base 6, what is -10453353223 - 3?
-10453353230
In base 5, what is -124310 + 1?
-124304
In base 9, what is -1748 + 44660?
42811
In base 15, what is 0 - -b2061d?
b2061d
In base 8, what is -655754 + 1724?
-654030
In base 5, what is -4 + 2204444312?
2204444303
In base 14, what is 8bb5c15 - 0?
8bb5c15
In base 16, what is -3917f11 - -3?
-3917f0e
In base 13, what is -30ba + 1959?
-1461
In base 13, what is b61cc - 32?
b619a
In base 5, what is -34023 + 32023?
-2000
In base 14, what is c8029 + -1?
c8028
In base 7, what is -3545 + 104302?
100424
In base 3, what is 211111221 + -1011222?
210022222
In base 5, what is 1304 - 11124002?
-11122143
In base 3, what is 10212012110211 - 100?
10212012110111
In base 5, what is -1332121213 - 214?
-1332121432
In base 11, what is 167a080 + -7?
167a074
In base 8, what is 0 + -14641165?
-14641165
In base 8, what is 11 - 3506367?
-3506356
In base 14, what is 1 - a77965a?
-a779659
In base 6, what is -205550135 - 